{"id":789,"date":"2026-02-08T13:20:40","date_gmt":"2026-02-08T13:20:40","guid":{"rendered":"https:\/\/www.lesclesdelauraconciergerie.com\/?page_id=789"},"modified":"2026-03-06T17:24:18","modified_gmt":"2026-03-06T17:24:18","slug":"tout-comprendre-de-l-immobilier-dans-l-herault","status":"publish","type":"page","link":"https:\/\/www.lesclesdelauraconciergerie.com\/index.php\/tout-comprendre-de-l-immobilier-dans-l-herault\/","title":{"rendered":"BLOG"},"content":{"rendered":"\t\t<div data-elementor-type=\"wp-page\" data-elementor-id=\"789\" class=\"elementor elementor-789\">\n\t\t\t\t<div class=\"elementor-element elementor-element-607748b8 e-flex e-con-boxed e-con e-parent\" data-id=\"607748b8\" data-element_type=\"container\" data-e-type=\"container\" data-settings=\"{&quot;background_background&quot;:&quot;classic&quot;}\">\n\t\t\t\t\t<div class=\"e-con-inner\">\n\t\t\t\t<div class=\"elementor-element elementor-element-1e87bb69 elementor-widget elementor-widget-heading\" data-id=\"1e87bb69\" data-element_type=\"widget\" data-e-type=\"widget\" data-widget_type=\"heading.default\">\n\t\t\t\t\t<h2 class=\"elementor-heading-title elementor-size-default\">Blog <\/h2>\t\t\t\t<\/div>\n\t\t\t\t<div class=\"elementor-element elementor-element-f153244 elementor-invisible elementor-widget elementor-widget-text-editor\" data-id=\"f153244\" data-element_type=\"widget\" data-e-type=\"widget\" data-settings=\"{&quot;_animation&quot;:&quot;fadeInRight&quot;}\" data-widget_type=\"text-editor.default\">\n\t\t\t\t\t\t\t\t\t<p><span style=\"font-size: 1rem;\">\u00c0 travers nos articles, nous vous aidons \u00e0 d\u00e9crypter l\u2019immobilier dans l\u2019H\u00e9rault &amp; le Gard avec une approche concr\u00e8te et terrain. Conseils pratiques, tendances du march\u00e9, optimisation de la location courte dur\u00e9e et solutions de conciergerie immobili\u00e8re : vous trouverez ici toutes les cl\u00e9s pour valoriser votre logement et d\u00e9l\u00e9guer sa gestion en toute s\u00e9r\u00e9nit\u00e9.&nbsp;<\/span>Nous sommes \u00e0 votre \u00e9coute pour r\u00e9pondre \u00e0 toutes vos demandes.<\/p>\t\t\t\t\t\t\t\t<\/div>\n\t\t\t\t\t<\/div>\n\t\t\t\t<\/div>\n\t\t<div class=\"elementor-element elementor-element-cafb506 animated-slow e-flex e-con-boxed elementor-invisible e-con e-parent\" data-id=\"cafb506\" data-element_type=\"container\" data-e-type=\"container\" data-settings=\"{&quot;animation&quot;:&quot;fadeInUp&quot;}\">\n\t\t\t\t\t<div class=\"e-con-inner\">\n\t\t<div class=\"elementor-element elementor-element-8fc08cc e-con-full e-flex e-con e-child\" data-id=\"8fc08cc\" data-element_type=\"container\" data-e-type=\"container\">\n\t\t\t\t<div class=\"elementor-element elementor-element-81eccb1 elementor-widget elementor-widget-image\" data-id=\"81eccb1\" data-element_type=\"widget\" data-e-type=\"widget\" data-widget_type=\"image.default\">\n\t\t\t\t\t\t\t\t\t\t\t\t\t\t\t<img decoding=\"async\" src=\"https:\/\/www.lesclesdelauraconciergerie.com\/wp-content\/uploads\/elementor\/thumbs\/Modern-Minimalist-Living-Space-ri5dlerpjsktb3zmab9a90qb8dl99t7u8u89skwbqo.png\" title=\"Modern Minimalist Living Space\" alt=\"Modern Minimalist Living Space\" loading=\"lazy\" \/>\t\t\t\t\t\t\t\t\t\t\t\t\t\t\t<\/div>\n\t\t\t\t<div class=\"elementor-element elementor-element-2008a1f elementor-widget elementor-widget-heading\" data-id=\"2008a1f\" data-element_type=\"widget\" data-e-type=\"widget\" data-widget_type=\"heading.default\">\n\t\t\t\t\t<h2 class=\"elementor-heading-title elementor-size-default\">Gestion locale, reactive et haut de gamme<\/h2>\t\t\t\t<\/div>\n\t\t\t\t<div class=\"elementor-element elementor-element-4ee07a7 elementor-widget elementor-widget-text-editor\" data-id=\"4ee07a7\" data-element_type=\"widget\" data-e-type=\"widget\" data-widget_type=\"text-editor.default\">\n\t\t\t\t\t\t\t\t\t<p>Dans le march\u00e9 tr\u00e8s concurrentiel de la location saisonni\u00e8re d&rsquo;aujourd&rsquo;hui, la v\u00e9ritable diff\u00e9rence r\u00e9side dans la pr\u00e9sence humaine, l&rsquo;expertise locale et la qualit\u00e9 irr\u00e9prochable&#8230;<\/p>\t\t\t\t\t\t\t\t<\/div>\n\t\t\t\t<div class=\"elementor-element elementor-element-c64d940 elementor-align-center elementor-widget elementor-widget-button\" data-id=\"c64d940\" data-element_type=\"widget\" data-e-type=\"widget\" data-widget_type=\"button.default\">\n\t\t\t\t\t\t\t\t\t\t<a class=\"elementor-button elementor-button-link elementor-size-sm elementor-animation-grow\" href=\"https:\/\/www.lesclesdelauraconciergerie.com\/index.php\/2026\/02\/15\/les-cles-de-laura-conciergerie-gestion-locale-reactive-et-haut-de-gamme-de-proprietes-dans-une-region-touristique-exceptionnelle\/\">\n\t\t\t\t\t\t<span class=\"elementor-button-content-wrapper\">\n\t\t\t\t\t\t<span class=\"elementor-button-icon\">\n\t\t\t\t<svg aria-hidden=\"true\" class=\"e-font-icon-svg e-fas-long-arrow-alt-right\" viewBox=\"0 0 448 512\" xmlns=\"http:\/\/www.w3.org\/2000\/svg\"><path d=\"M313.941 216H12c-6.627 0-12 5.373-12 12v56c0 6.627 5.373 12 12 12h301.941v46.059c0 21.382 25.851 32.09 40.971 16.971l86.059-86.059c9.373-9.373 9.373-24.569 0-33.941l-86.059-86.059c-15.119-15.119-40.971-4.411-40.971 16.971V216z\"><\/path><\/svg>\t\t\t<\/span>\n\t\t\t\t\t\t\t\t\t<span class=\"elementor-button-text\">Lire l'article<\/span>\n\t\t\t\t\t<\/span>\n\t\t\t\t\t<\/a>\n\t\t\t\t\t\t\t\t<\/div>\n\t\t\t\t<\/div>\n\t\t<div class=\"elementor-element elementor-element-4191dff e-con-full e-flex e-con e-child\" data-id=\"4191dff\" data-element_type=\"container\" data-e-type=\"container\">\n\t\t\t\t<div class=\"elementor-element elementor-element-8999c22 elementor-widget elementor-widget-image\" data-id=\"8999c22\" data-element_type=\"widget\" data-e-type=\"widget\" data-widget_type=\"image.default\">\n\t\t\t\t\t\t\t\t\t\t\t\t\t\t\t<img decoding=\"async\" src=\"https:\/\/www.lesclesdelauraconciergerie.com\/wp-content\/uploads\/elementor\/thumbs\/vecteezy_minimalist-home-design-featuring-open-areas-perfect-for-your_46608773-scaled-rjmnh73772bev81c2daofk7d4fjyf79j7us1aizjhs.jpeg\" title=\"Minimalist home design featuring open areas perfect for your promotional content\" alt=\"Minimalist home design featuring open areas perfect for your promotional content\" loading=\"lazy\" \/>\t\t\t\t\t\t\t\t\t\t\t\t\t\t\t<\/div>\n\t\t\t\t<div class=\"elementor-element elementor-element-c0b94bf elementor-widget elementor-widget-heading\" data-id=\"c0b94bf\" data-element_type=\"widget\" data-e-type=\"widget\" data-widget_type=\"heading.default\">\n\t\t\t\t\t<h2 class=\"elementor-heading-title elementor-size-default\">Comment nous garantissons une location sereine et reussie<\/h2>\t\t\t\t<\/div>\n\t\t\t\t<div class=\"elementor-element elementor-element-c1e6ab2 elementor-widget elementor-widget-text-editor\" data-id=\"c1e6ab2\" data-element_type=\"widget\" data-e-type=\"widget\" data-widget_type=\"text-editor.default\">\n\t\t\t\t\t\t\t\t\t<p>Poss\u00e9der une maison de vacances dans notre magnifique r\u00e9gion peut sembler \u00eatre un r\u00eave. Mais la r\u00e9alit\u00e9 de la gestion des r\u00e9servations, des plannings de m\u00e9nage, &#8230;<\/p>\t\t\t\t\t\t\t\t<\/div>\n\t\t\t\t<div class=\"elementor-element elementor-element-53488aa elementor-align-center elementor-widget elementor-widget-button\" data-id=\"53488aa\" data-element_type=\"widget\" data-e-type=\"widget\" data-widget_type=\"button.default\">\n\t\t\t\t\t\t\t\t\t\t<a class=\"elementor-button elementor-button-link elementor-size-sm elementor-animation-grow\" href=\"https:\/\/www.lesclesdelauraconciergerie.com\/index.php\/2026\/02\/15\/comment-les-cles-de-laura-conciergerie-garantit-une-location-sereine-et-reussie\/\">\n\t\t\t\t\t\t<span class=\"elementor-button-content-wrapper\">\n\t\t\t\t\t\t<span class=\"elementor-button-icon\">\n\t\t\t\t<svg aria-hidden=\"true\" class=\"e-font-icon-svg e-fas-long-arrow-alt-right\" viewBox=\"0 0 448 512\" xmlns=\"http:\/\/www.w3.org\/2000\/svg\"><path d=\"M313.941 216H12c-6.627 0-12 5.373-12 12v56c0 6.627 5.373 12 12 12h301.941v46.059c0 21.382 25.851 32.09 40.971 16.971l86.059-86.059c9.373-9.373 9.373-24.569 0-33.941l-86.059-86.059c-15.119-15.119-40.971-4.411-40.971 16.971V216z\"><\/path><\/svg>\t\t\t<\/span>\n\t\t\t\t\t\t\t\t\t<span class=\"elementor-button-text\">Lire l'article<\/span>\n\t\t\t\t\t<\/span>\n\t\t\t\t\t<\/a>\n\t\t\t\t\t\t\t\t<\/div>\n\t\t\t\t<\/div>\n\t\t<div class=\"elementor-element elementor-element-ab4a79c e-con-full e-flex e-con e-child\" data-id=\"ab4a79c\" data-element_type=\"container\" data-e-type=\"container\">\n\t\t\t\t<div class=\"elementor-element elementor-element-9572dae elementor-widget elementor-widget-image\" data-id=\"9572dae\" data-element_type=\"widget\" data-e-type=\"widget\" data-widget_type=\"image.default\">\n\t\t\t\t\t\t\t\t\t\t\t\t\t\t\t<img decoding=\"async\" src=\"https:\/\/www.lesclesdelauraconciergerie.com\/wp-content\/uploads\/elementor\/thumbs\/Capture-decran-2026-02-23-a-18.33.40-rjlcptwjodwyjl7xqq3n0cpaegnhdcf13yrgmyxisw.png\" title=\"Capture d\u2019e\u0301cran 2026-02-23 a\u0300 18.33.40\" alt=\"Capture d\u2019e\u0301cran 2026-02-23 a\u0300 18.33.40\" loading=\"lazy\" \/>\t\t\t\t\t\t\t\t\t\t\t\t\t\t\t<\/div>\n\t\t\t\t<div class=\"elementor-element elementor-element-a89a187 elementor-widget elementor-widget-heading\" data-id=\"a89a187\" data-element_type=\"widget\" data-e-type=\"widget\" data-widget_type=\"heading.default\">\n\t\t\t\t\t<h2 class=\"elementor-heading-title elementor-size-default\">Montpellier, une destination attractive pour un sejour authentique\n<\/h2>\t\t\t\t<\/div>\n\t\t\t\t<div class=\"elementor-element elementor-element-6194214 elementor-widget elementor-widget-text-editor\" data-id=\"6194214\" data-element_type=\"widget\" data-e-type=\"widget\" data-widget_type=\"text-editor.default\">\n\t\t\t\t\t\t\t\t\t<p><span style=\"font-weight: 400;\">Nich\u00e9e entre mer et garrigue, <\/span>Montpellier incarne la d\u00e9contraction m\u00e9diterran\u00e9enne \u00e0 l\u2019\u00e9tat pur<span style=\"font-weight: 400;\">. Ville d\u2019art, d\u2019histoire et de contrastes, elle s\u00e9duit par son atmosph\u00e8re&#8230;<\/span><\/p>\t\t\t\t\t\t\t\t<\/div>\n\t\t\t\t<div class=\"elementor-element elementor-element-e465f39 elementor-align-center elementor-widget elementor-widget-button\" data-id=\"e465f39\" data-element_type=\"widget\" data-e-type=\"widget\" data-widget_type=\"button.default\">\n\t\t\t\t\t\t\t\t\t\t<a class=\"elementor-button elementor-button-link elementor-size-sm elementor-animation-grow\" href=\"https:\/\/www.lesclesdelauraconciergerie.com\/index.php\/2026\/02\/17\/lifestyle-montpellier-une-destination-attractive-pour-un-sejour-authentique\/\">\n\t\t\t\t\t\t<span class=\"elementor-button-content-wrapper\">\n\t\t\t\t\t\t<span class=\"elementor-button-icon\">\n\t\t\t\t<svg aria-hidden=\"true\" class=\"e-font-icon-svg e-fas-long-arrow-alt-right\" viewBox=\"0 0 448 512\" xmlns=\"http:\/\/www.w3.org\/2000\/svg\"><path d=\"M313.941 216H12c-6.627 0-12 5.373-12 12v56c0 6.627 5.373 12 12 12h301.941v46.059c0 21.382 25.851 32.09 40.971 16.971l86.059-86.059c9.373-9.373 9.373-24.569 0-33.941l-86.059-86.059c-15.119-15.119-40.971-4.411-40.971 16.971V216z\"><\/path><\/svg>\t\t\t<\/span>\n\t\t\t\t\t\t\t\t\t<span class=\"elementor-button-text\">Lire l'article<\/span>\n\t\t\t\t\t<\/span>\n\t\t\t\t\t<\/a>\n\t\t\t\t\t\t\t\t<\/div>\n\t\t\t\t<\/div>\n\t\t\t\t\t<\/div>\n\t\t\t\t<\/div>\n\t\t\t\t<\/div>\n\t\t","protected":false},"excerpt":{"rendered":"<p>Blog \u00c0 travers nos articles, nous vous aidons \u00e0 d\u00e9crypter l\u2019immobilier dans l\u2019H\u00e9rault &amp; le Gard avec une approche concr\u00e8te et terrain. Conseils pratiques, tendances du march\u00e9, optimisation de la location courte dur\u00e9e et solutions de conciergerie immobili\u00e8re : vous trouverez ici toutes les cl\u00e9s pour valoriser votre logement et d\u00e9l\u00e9guer sa gestion en toute [&hellip;]<\/p>\n","protected":false},"author":1,"featured_media":0,"parent":0,"menu_order":0,"comment_status":"closed","ping_status":"closed","template":"elementor_canvas","meta":{"footnotes":""},"class_list":["post-789","page","type-page","status-publish","hentry"],"yoast_head":"<!-- This site is optimized with the Yoast SEO plugin v27.0 - https:\/\/yoast.com\/product\/yoast-seo-wordpress\/ -->\n<title>BLOG - Les Cl\u00e9s de Laura<\/title>\n<meta name=\"description\" content=\"Tout comprendre de l\u2019immobilier dans l\u2019H\u00e9rault : valorisez votre bien et d\u00e9l\u00e9guez la gestion en toute confiance.\" \/>\n<meta name=\"robots\" content=\"index, follow, max-snippet:-1, max-image-preview:large, max-video-preview:-1\" \/>\n<link rel=\"canonical\" href=\"https:\/\/www.lesclesdelauraconciergerie.com\/index.php\/tout-comprendre-de-l-immobilier-dans-l-herault\/\" \/>\n<meta property=\"og:locale\" content=\"fr_FR\" \/>\n<meta property=\"og:type\" content=\"article\" \/>\n<meta property=\"og:title\" content=\"BLOG - Les Cl\u00e9s de Laura\" \/>\n<meta property=\"og:description\" content=\"Tout comprendre de l\u2019immobilier dans l\u2019H\u00e9rault : valorisez votre bien et d\u00e9l\u00e9guez la gestion en toute confiance.\" \/>\n<meta property=\"og:url\" content=\"https:\/\/www.lesclesdelauraconciergerie.com\/index.php\/tout-comprendre-de-l-immobilier-dans-l-herault\/\" \/>\n<meta property=\"og:site_name\" content=\"Les Cl\u00e9s de Laura\" \/>\n<meta property=\"article:modified_time\" content=\"2026-03-06T17:24:18+00:00\" \/>\n<meta property=\"og:image\" content=\"https:\/\/www.lesclesdelauraconciergerie.com\/wp-content\/uploads\/elementor\/thumbs\/Modern-Minimalist-Living-Space-ri5dlerpjsktb3zmab9a90qb8dl99t7u8u89skwbqo.png\" \/>\n<meta name=\"twitter:card\" content=\"summary_large_image\" \/>\n<meta name=\"twitter:label1\" content=\"Dur\u00e9e de lecture estim\u00e9e\" \/>\n\t<meta name=\"twitter:data1\" content=\"1 minute\" \/>\n<script type=\"application\/ld+json\" class=\"yoast-schema-graph\">{\"@context\":\"https:\/\/schema.org\",\"@graph\":[{\"@type\":\"WebPage\",\"@id\":\"https:\/\/www.lesclesdelauraconciergerie.com\/index.php\/tout-comprendre-de-l-immobilier-dans-l-herault\/\",\"url\":\"https:\/\/www.lesclesdelauraconciergerie.com\/index.php\/tout-comprendre-de-l-immobilier-dans-l-herault\/\",\"name\":\"BLOG - Les Cl\u00e9s de Laura\",\"isPartOf\":{\"@id\":\"https:\/\/www.lesclesdelauraconciergerie.com\/#website\"},\"primaryImageOfPage\":{\"@id\":\"https:\/\/www.lesclesdelauraconciergerie.com\/index.php\/tout-comprendre-de-l-immobilier-dans-l-herault\/#primaryimage\"},\"image\":{\"@id\":\"https:\/\/www.lesclesdelauraconciergerie.com\/index.php\/tout-comprendre-de-l-immobilier-dans-l-herault\/#primaryimage\"},\"thumbnailUrl\":\"https:\/\/www.lesclesdelauraconciergerie.com\/wp-content\/uploads\/elementor\/thumbs\/Modern-Minimalist-Living-Space-ri5dlerpjsktb3zmab9a90qb8dl99t7u8u89skwbqo.png\",\"datePublished\":\"2026-02-08T13:20:40+00:00\",\"dateModified\":\"2026-03-06T17:24:18+00:00\",\"description\":\"Tout comprendre de l\u2019immobilier dans l\u2019H\u00e9rault : valorisez votre bien et d\u00e9l\u00e9guez la gestion en toute confiance.\",\"breadcrumb\":{\"@id\":\"https:\/\/www.lesclesdelauraconciergerie.com\/index.php\/tout-comprendre-de-l-immobilier-dans-l-herault\/#breadcrumb\"},\"inLanguage\":\"fr-FR\",\"potentialAction\":[{\"@type\":\"ReadAction\",\"target\":[\"https:\/\/www.lesclesdelauraconciergerie.com\/index.php\/tout-comprendre-de-l-immobilier-dans-l-herault\/\"]}]},{\"@type\":\"ImageObject\",\"inLanguage\":\"fr-FR\",\"@id\":\"https:\/\/www.lesclesdelauraconciergerie.com\/index.php\/tout-comprendre-de-l-immobilier-dans-l-herault\/#primaryimage\",\"url\":\"https:\/\/www.lesclesdelauraconciergerie.com\/wp-content\/uploads\/elementor\/thumbs\/Modern-Minimalist-Living-Space-ri5dlerpjsktb3zmab9a90qb8dl99t7u8u89skwbqo.png\",\"contentUrl\":\"https:\/\/www.lesclesdelauraconciergerie.com\/wp-content\/uploads\/elementor\/thumbs\/Modern-Minimalist-Living-Space-ri5dlerpjsktb3zmab9a90qb8dl99t7u8u89skwbqo.png\"},{\"@type\":\"BreadcrumbList\",\"@id\":\"https:\/\/www.lesclesdelauraconciergerie.com\/index.php\/tout-comprendre-de-l-immobilier-dans-l-herault\/#breadcrumb\",\"itemListElement\":[{\"@type\":\"ListItem\",\"position\":1,\"name\":\"Accueil\",\"item\":\"https:\/\/www.lesclesdelauraconciergerie.com\/\"},{\"@type\":\"ListItem\",\"position\":2,\"name\":\"BLOG\"}]},{\"@type\":\"WebSite\",\"@id\":\"https:\/\/www.lesclesdelauraconciergerie.com\/#website\",\"url\":\"https:\/\/www.lesclesdelauraconciergerie.com\/\",\"name\":\"Les Cl\u00e9s de Laura\",\"description\":\"L\u2019excellence au service de votre temps\",\"publisher\":{\"@id\":\"https:\/\/www.lesclesdelauraconciergerie.com\/#organization\"},\"potentialAction\":[{\"@type\":\"SearchAction\",\"target\":{\"@type\":\"EntryPoint\",\"urlTemplate\":\"https:\/\/www.lesclesdelauraconciergerie.com\/?s={search_term_string}\"},\"query-input\":{\"@type\":\"PropertyValueSpecification\",\"valueRequired\":true,\"valueName\":\"search_term_string\"}}],\"inLanguage\":\"fr-FR\"},{\"@type\":\"Organization\",\"@id\":\"https:\/\/www.lesclesdelauraconciergerie.com\/#organization\",\"name\":\"Les Cl\u00e9s de Laura\",\"url\":\"https:\/\/www.lesclesdelauraconciergerie.com\/\",\"logo\":{\"@type\":\"ImageObject\",\"inLanguage\":\"fr-FR\",\"@id\":\"https:\/\/www.lesclesdelauraconciergerie.com\/#\/schema\/logo\/image\/\",\"url\":\"https:\/\/www.lesclesdelauraconciergerie.com\/wp-content\/uploads\/2026\/01\/cropped-Logo-NOIR-sans-fond.png\",\"contentUrl\":\"https:\/\/www.lesclesdelauraconciergerie.com\/wp-content\/uploads\/2026\/01\/cropped-Logo-NOIR-sans-fond.png\",\"width\":1278,\"height\":623,\"caption\":\"Les Cl\u00e9s de Laura\"},\"image\":{\"@id\":\"https:\/\/www.lesclesdelauraconciergerie.com\/#\/schema\/logo\/image\/\"}}]}<\/script>\n<!-- \/ Yoast SEO plugin. -->","yoast_head_json":{"title":"BLOG - Les Cl\u00e9s de Laura","description":"Tout comprendre de l\u2019immobilier dans l\u2019H\u00e9rault : valorisez votre bien et d\u00e9l\u00e9guez la gestion en toute confiance.","robots":{"index":"index","follow":"follow","max-snippet":"max-snippet:-1","max-image-preview":"max-image-preview:large","max-video-preview":"max-video-preview:-1"},"canonical":"https:\/\/www.lesclesdelauraconciergerie.com\/index.php\/tout-comprendre-de-l-immobilier-dans-l-herault\/","og_locale":"fr_FR","og_type":"article","og_title":"BLOG - Les Cl\u00e9s de Laura","og_description":"Tout comprendre de l\u2019immobilier dans l\u2019H\u00e9rault : valorisez votre bien et d\u00e9l\u00e9guez la gestion en toute confiance.","og_url":"https:\/\/www.lesclesdelauraconciergerie.com\/index.php\/tout-comprendre-de-l-immobilier-dans-l-herault\/","og_site_name":"Les Cl\u00e9s de Laura","article_modified_time":"2026-03-06T17:24:18+00:00","og_image":[{"url":"https:\/\/www.lesclesdelauraconciergerie.com\/wp-content\/uploads\/elementor\/thumbs\/Modern-Minimalist-Living-Space-ri5dlerpjsktb3zmab9a90qb8dl99t7u8u89skwbqo.png","type":"","width":"","height":""}],"twitter_card":"summary_large_image","twitter_misc":{"Dur\u00e9e de lecture estim\u00e9e":"1 minute"},"schema":{"@context":"https:\/\/schema.org","@graph":[{"@type":"WebPage","@id":"https:\/\/www.lesclesdelauraconciergerie.com\/index.php\/tout-comprendre-de-l-immobilier-dans-l-herault\/","url":"https:\/\/www.lesclesdelauraconciergerie.com\/index.php\/tout-comprendre-de-l-immobilier-dans-l-herault\/","name":"BLOG - Les Cl\u00e9s de Laura","isPartOf":{"@id":"https:\/\/www.lesclesdelauraconciergerie.com\/#website"},"primaryImageOfPage":{"@id":"https:\/\/www.lesclesdelauraconciergerie.com\/index.php\/tout-comprendre-de-l-immobilier-dans-l-herault\/#primaryimage"},"image":{"@id":"https:\/\/www.lesclesdelauraconciergerie.com\/index.php\/tout-comprendre-de-l-immobilier-dans-l-herault\/#primaryimage"},"thumbnailUrl":"https:\/\/www.lesclesdelauraconciergerie.com\/wp-content\/uploads\/elementor\/thumbs\/Modern-Minimalist-Living-Space-ri5dlerpjsktb3zmab9a90qb8dl99t7u8u89skwbqo.png","datePublished":"2026-02-08T13:20:40+00:00","dateModified":"2026-03-06T17:24:18+00:00","description":"Tout comprendre de l\u2019immobilier dans l\u2019H\u00e9rault : valorisez votre bien et d\u00e9l\u00e9guez la gestion en toute confiance.","breadcrumb":{"@id":"https:\/\/www.lesclesdelauraconciergerie.com\/index.php\/tout-comprendre-de-l-immobilier-dans-l-herault\/#breadcrumb"},"inLanguage":"fr-FR","potentialAction":[{"@type":"ReadAction","target":["https:\/\/www.lesclesdelauraconciergerie.com\/index.php\/tout-comprendre-de-l-immobilier-dans-l-herault\/"]}]},{"@type":"ImageObject","inLanguage":"fr-FR","@id":"https:\/\/www.lesclesdelauraconciergerie.com\/index.php\/tout-comprendre-de-l-immobilier-dans-l-herault\/#primaryimage","url":"https:\/\/www.lesclesdelauraconciergerie.com\/wp-content\/uploads\/elementor\/thumbs\/Modern-Minimalist-Living-Space-ri5dlerpjsktb3zmab9a90qb8dl99t7u8u89skwbqo.png","contentUrl":"https:\/\/www.lesclesdelauraconciergerie.com\/wp-content\/uploads\/elementor\/thumbs\/Modern-Minimalist-Living-Space-ri5dlerpjsktb3zmab9a90qb8dl99t7u8u89skwbqo.png"},{"@type":"BreadcrumbList","@id":"https:\/\/www.lesclesdelauraconciergerie.com\/index.php\/tout-comprendre-de-l-immobilier-dans-l-herault\/#breadcrumb","itemListElement":[{"@type":"ListItem","position":1,"name":"Accueil","item":"https:\/\/www.lesclesdelauraconciergerie.com\/"},{"@type":"ListItem","position":2,"name":"BLOG"}]},{"@type":"WebSite","@id":"https:\/\/www.lesclesdelauraconciergerie.com\/#website","url":"https:\/\/www.lesclesdelauraconciergerie.com\/","name":"Les Cl\u00e9s de Laura","description":"L\u2019excellence au service de votre temps","publisher":{"@id":"https:\/\/www.lesclesdelauraconciergerie.com\/#organization"},"potentialAction":[{"@type":"SearchAction","target":{"@type":"EntryPoint","urlTemplate":"https:\/\/www.lesclesdelauraconciergerie.com\/?s={search_term_string}"},"query-input":{"@type":"PropertyValueSpecification","valueRequired":true,"valueName":"search_term_string"}}],"inLanguage":"fr-FR"},{"@type":"Organization","@id":"https:\/\/www.lesclesdelauraconciergerie.com\/#organization","name":"Les Cl\u00e9s de Laura","url":"https:\/\/www.lesclesdelauraconciergerie.com\/","logo":{"@type":"ImageObject","inLanguage":"fr-FR","@id":"https:\/\/www.lesclesdelauraconciergerie.com\/#\/schema\/logo\/image\/","url":"https:\/\/www.lesclesdelauraconciergerie.com\/wp-content\/uploads\/2026\/01\/cropped-Logo-NOIR-sans-fond.png","contentUrl":"https:\/\/www.lesclesdelauraconciergerie.com\/wp-content\/uploads\/2026\/01\/cropped-Logo-NOIR-sans-fond.png","width":1278,"height":623,"caption":"Les Cl\u00e9s de Laura"},"image":{"@id":"https:\/\/www.lesclesdelauraconciergerie.com\/#\/schema\/logo\/image\/"}}]}},"_links":{"self":[{"href":"https:\/\/www.lesclesdelauraconciergerie.com\/index.php\/wp-json\/wp\/v2\/pages\/789","targetHints":{"allow":["GET"]}}],"collection":[{"href":"https:\/\/www.lesclesdelauraconciergerie.com\/index.php\/wp-json\/wp\/v2\/pages"}],"about":[{"href":"https:\/\/www.lesclesdelauraconciergerie.com\/index.php\/wp-json\/wp\/v2\/types\/page"}],"author":[{"embeddable":true,"href":"https:\/\/www.lesclesdelauraconciergerie.com\/index.php\/wp-json\/wp\/v2\/users\/1"}],"replies":[{"embeddable":true,"href":"https:\/\/www.lesclesdelauraconciergerie.com\/index.php\/wp-json\/wp\/v2\/comments?post=789"}],"version-history":[{"count":110,"href":"https:\/\/www.lesclesdelauraconciergerie.com\/index.php\/wp-json\/wp\/v2\/pages\/789\/revisions"}],"predecessor-version":[{"id":4205,"href":"https:\/\/www.lesclesdelauraconciergerie.com\/index.php\/wp-json\/wp\/v2\/pages\/789\/revisions\/4205"}],"wp:attachment":[{"href":"https:\/\/www.lesclesdelauraconciergerie.com\/index.php\/wp-json\/wp\/v2\/media?parent=789"}],"curies":[{"name":"wp","href":"https:\/\/api.w.org\/{rel}","templated":true}]}}