{"id":1295,"date":"2026-02-13T14:38:03","date_gmt":"2026-02-13T14:38:03","guid":{"rendered":"https:\/\/www.lesclesdelauraconciergerie.com\/?page_id=1295"},"modified":"2026-03-09T18:20:34","modified_gmt":"2026-03-09T18:20:34","slug":"mentions-legales","status":"publish","type":"page","link":"https:\/\/www.lesclesdelauraconciergerie.com\/index.php\/mentions-legales\/","title":{"rendered":"Mentions l\u00e9gales"},"content":{"rendered":"\t\t<div data-elementor-type=\"wp-page\" data-elementor-id=\"1295\" class=\"elementor elementor-1295\">\n\t\t\t\t<div class=\"elementor-element elementor-element-f0aa068 e-flex e-con-boxed e-con e-parent\" data-id=\"f0aa068\" data-element_type=\"container\" data-e-type=\"container\">\n\t\t\t\t\t<div class=\"e-con-inner\">\n\t\t\t\t<div class=\"elementor-element elementor-element-fafd1aa elementor-widget elementor-widget-spacer\" data-id=\"fafd1aa\" data-element_type=\"widget\" data-e-type=\"widget\" data-widget_type=\"spacer.default\">\n\t\t\t\t\t\t\t<div class=\"elementor-spacer\">\n\t\t\t<div class=\"elementor-spacer-inner\"><\/div>\n\t\t<\/div>\n\t\t\t\t\t\t<\/div>\n\t\t\t\t<div class=\"elementor-element elementor-element-632e42d elementor-widget elementor-widget-heading\" data-id=\"632e42d\" data-element_type=\"widget\" data-e-type=\"widget\" data-widget_type=\"heading.default\">\n\t\t\t\t\t<h2 class=\"elementor-heading-title elementor-size-default\">Les Mentions Legales<\/h2>\t\t\t\t<\/div>\n\t\t\t\t<div class=\"elementor-element elementor-element-787a539 elementor-widget elementor-widget-spacer\" data-id=\"787a539\" data-element_type=\"widget\" data-e-type=\"widget\" data-widget_type=\"spacer.default\">\n\t\t\t\t\t\t\t<div class=\"elementor-spacer\">\n\t\t\t<div class=\"elementor-spacer-inner\"><\/div>\n\t\t<\/div>\n\t\t\t\t\t\t<\/div>\n\t\t\t\t<div class=\"elementor-element elementor-element-71bde7c elementor-widget elementor-widget-text-editor\" data-id=\"71bde7c\" data-element_type=\"widget\" data-e-type=\"widget\" data-widget_type=\"text-editor.default\">\n\t\t\t\t\t\t\t\t\t<p><span style=\"font-weight: 400;\">Conform\u00e9ment aux dispositions de la loi n\u00b0 2004-575 du 21 juin 2004 pour la confiance en l&rsquo;\u00e9conomie num\u00e9rique, il est pr\u00e9cis\u00e9 aux utilisateurs du site Les Cl\u00e9s de Laura l&rsquo;identit\u00e9 des diff\u00e9rents intervenants dans le cadre de sa r\u00e9alisation et de son suivi.<\/span><\/p>\t\t\t\t\t\t\t\t<\/div>\n\t\t\t\t<div class=\"elementor-element elementor-element-7ed37e2 elementor-widget elementor-widget-heading\" data-id=\"7ed37e2\" data-element_type=\"widget\" data-e-type=\"widget\" data-widget_type=\"heading.default\">\n\t\t\t\t\t<h3 class=\"elementor-heading-title elementor-size-default\"><b>Edition du site&nbsp;<\/b><\/h3>\t\t\t\t<\/div>\n\t\t\t\t<div class=\"elementor-element elementor-element-ebaf358 elementor-widget elementor-widget-spacer\" data-id=\"ebaf358\" data-element_type=\"widget\" data-e-type=\"widget\" data-widget_type=\"spacer.default\">\n\t\t\t\t\t\t\t<div class=\"elementor-spacer\">\n\t\t\t<div class=\"elementor-spacer-inner\"><\/div>\n\t\t<\/div>\n\t\t\t\t\t\t<\/div>\n\t\t\t\t<div class=\"elementor-element elementor-element-6cd1465 elementor-widget elementor-widget-text-editor\" data-id=\"6cd1465\" data-element_type=\"widget\" data-e-type=\"widget\" data-widget_type=\"text-editor.default\">\n\t\t\t\t\t\t\t\t\t<p><span style=\"font-weight: 400;\">Le pr\u00e9sent site, accessible \u00e0 l\u2019URL www.lesclesdelaura.conciergerie.com (le \u00ab Site \u00bb), est \u00e9dit\u00e9 par :<\/span><\/p>\n<p><span style=\"font-weight: 400;\">Laura JAMMES, r\u00e9sidant 627 Route de Buzignargues 34160 Galargues, de nationalit\u00e9 Fran\u00e7aise (France), n\u00e9(e) le 21\/08\/1989,&nbsp; inscrite au R.C.S. de MONTPELLIER sous le num\u00e9ro 999 454 788 R.C.S. Montpellier.<\/span><\/p>\n<p><span style=\"font-weight: 400;\">Design concu par&nbsp;<\/span><a href=\"http:\/\/www.designajulie.fr\" target=\"_blank\" style=\"background-color: rgb(255, 255, 255); font-size: 1rem;\">designajulie<\/a><\/p>\t\t\t\t\t\t\t\t<\/div>\n\t\t\t\t<div class=\"elementor-element elementor-element-f57444b elementor-widget elementor-widget-heading\" data-id=\"f57444b\" data-element_type=\"widget\" data-e-type=\"widget\" data-widget_type=\"heading.default\">\n\t\t\t\t\t<h3 class=\"elementor-heading-title elementor-size-default\"><b>H\u00e9bergement<\/b><\/h3>\t\t\t\t<\/div>\n\t\t\t\t<div class=\"elementor-element elementor-element-59ce2b6 elementor-widget elementor-widget-text-editor\" data-id=\"59ce2b6\" data-element_type=\"widget\" data-e-type=\"widget\" data-widget_type=\"text-editor.default\">\n\t\t\t\t\t\t\t\t\t<p><span style=\"font-weight: 400;\">Le Site est h\u00e9berg\u00e9 par la soci\u00e9t\u00e9 OVH SAS, situ\u00e9 2 rue Kellermann &#8211; BP 80157 &#8211; 59053 Roubaix Cedex 1, (contact t\u00e9l\u00e9phonique ou email : 1007).<\/span><\/p>\t\t\t\t\t\t\t\t<\/div>\n\t\t\t\t<div class=\"elementor-element elementor-element-8d472f5 elementor-widget elementor-widget-spacer\" data-id=\"8d472f5\" data-element_type=\"widget\" data-e-type=\"widget\" data-widget_type=\"spacer.default\">\n\t\t\t\t\t\t\t<div class=\"elementor-spacer\">\n\t\t\t<div class=\"elementor-spacer-inner\"><\/div>\n\t\t<\/div>\n\t\t\t\t\t\t<\/div>\n\t\t\t\t<div class=\"elementor-element elementor-element-4c2af5d elementor-widget elementor-widget-heading\" data-id=\"4c2af5d\" data-element_type=\"widget\" data-e-type=\"widget\" data-widget_type=\"heading.default\">\n\t\t\t\t\t<h3 class=\"elementor-heading-title elementor-size-default\"><b>Directeur de publication&nbsp;<\/b><\/h3>\t\t\t\t<\/div>\n\t\t\t\t<div class=\"elementor-element elementor-element-9521aff elementor-widget elementor-widget-text-editor\" data-id=\"9521aff\" data-element_type=\"widget\" data-e-type=\"widget\" data-widget_type=\"text-editor.default\">\n\t\t\t\t\t\t\t\t\t<p><span style=\"font-weight: 400;\">Le Directeur de la publication du Site est Laura JAMMES.<\/span><\/p>\t\t\t\t\t\t\t\t<\/div>\n\t\t\t\t<div class=\"elementor-element elementor-element-576a5b9 elementor-widget elementor-widget-spacer\" data-id=\"576a5b9\" data-element_type=\"widget\" data-e-type=\"widget\" data-widget_type=\"spacer.default\">\n\t\t\t\t\t\t\t<div class=\"elementor-spacer\">\n\t\t\t<div class=\"elementor-spacer-inner\"><\/div>\n\t\t<\/div>\n\t\t\t\t\t\t<\/div>\n\t\t\t\t<div class=\"elementor-element elementor-element-bd7037e elementor-widget elementor-widget-heading\" data-id=\"bd7037e\" data-element_type=\"widget\" data-e-type=\"widget\" data-widget_type=\"heading.default\">\n\t\t\t\t\t<h3 class=\"elementor-heading-title elementor-size-default\"><b>Nous contacter&nbsp;<\/b><\/h3>\t\t\t\t<\/div>\n\t\t\t\t<div class=\"elementor-element elementor-element-14b1a45 elementor-widget elementor-widget-text-editor\" data-id=\"14b1a45\" data-element_type=\"widget\" data-e-type=\"widget\" data-widget_type=\"text-editor.default\">\n\t\t\t\t\t\t\t\t\t<p><span style=\"font-weight: 400;\">Par t\u00e9l\u00e9phone\u00a0: +33621206626<\/span><\/p><p><span style=\"font-weight: 400;\">Par email\u00a0: lesclesdelaura.conciergerie@gmail.com<\/span><\/p><p><span style=\"font-weight: 400;\">Par courrier\u00a0: 627 Route de Buzignargues 34160 Galargues<\/span><\/p>\t\t\t\t\t\t\t\t<\/div>\n\t\t\t\t<div class=\"elementor-element elementor-element-e29b34f elementor-widget elementor-widget-spacer\" data-id=\"e29b34f\" data-element_type=\"widget\" data-e-type=\"widget\" data-widget_type=\"spacer.default\">\n\t\t\t\t\t\t\t<div class=\"elementor-spacer\">\n\t\t\t<div class=\"elementor-spacer-inner\"><\/div>\n\t\t<\/div>\n\t\t\t\t\t\t<\/div>\n\t\t\t\t<div class=\"elementor-element elementor-element-67251d5 elementor-widget elementor-widget-heading\" data-id=\"67251d5\" data-element_type=\"widget\" data-e-type=\"widget\" data-widget_type=\"heading.default\">\n\t\t\t\t\t<h3 class=\"elementor-heading-title elementor-size-default\"><b>Donn\u00e9es personnelles<\/b><\/h3>\t\t\t\t<\/div>\n\t\t\t\t<div class=\"elementor-element elementor-element-0f4cb29 elementor-widget elementor-widget-text-editor\" data-id=\"0f4cb29\" data-element_type=\"widget\" data-e-type=\"widget\" data-widget_type=\"text-editor.default\">\n\t\t\t\t\t\t\t\t\t<p><span style=\"font-weight: 400;\">Le traitement de vos donn\u00e9es \u00e0 caract\u00e8re personnel est r\u00e9gi par notre Charte du respect de la vie priv\u00e9e, disponible depuis la section \u00ab\u00a0Charte de Protection des Donn\u00e9es Personnelles\u00a0\u00bb, conform\u00e9ment au R\u00e8glement G\u00e9n\u00e9ral sur la Protection des Donn\u00e9es 2016\/679 du 27 avril 2016 (\u00abRGPD\u00bb)<\/span><span style=\"font-weight: 400;\">.<\/span><\/p>\t\t\t\t\t\t\t\t<\/div>\n\t\t\t\t\t<\/div>\n\t\t\t\t<\/div>\n\t\t\t\t<\/div>\n\t\t","protected":false},"excerpt":{"rendered":"<p>Les Mentions Legales Conform\u00e9ment aux dispositions de la loi n\u00b0 2004-575 du 21 juin 2004 pour la confiance en l&rsquo;\u00e9conomie num\u00e9rique, il est pr\u00e9cis\u00e9 aux utilisateurs du site Les Cl\u00e9s de Laura l&rsquo;identit\u00e9 des diff\u00e9rents intervenants dans le cadre de sa r\u00e9alisation et de son suivi. Edition du site&nbsp; Le pr\u00e9sent site, accessible \u00e0 l\u2019URL [&hellip;]<\/p>\n","protected":false},"author":1,"featured_media":0,"parent":0,"menu_order":0,"comment_status":"closed","ping_status":"closed","template":"elementor_canvas","meta":{"footnotes":""},"class_list":["post-1295","page","type-page","status-publish","hentry"],"yoast_head":"<!-- This site is optimized with the Yoast SEO plugin v27.0 - https:\/\/yoast.com\/product\/yoast-seo-wordpress\/ -->\n<title>Mentions l\u00e9gales - Les Cl\u00e9s de Laura<\/title>\n<meta name=\"robots\" content=\"index, follow, max-snippet:-1, max-image-preview:large, max-video-preview:-1\" \/>\n<link rel=\"canonical\" href=\"https:\/\/www.lesclesdelauraconciergerie.com\/index.php\/mentions-legales\/\" \/>\n<meta property=\"og:locale\" content=\"fr_FR\" \/>\n<meta property=\"og:type\" content=\"article\" \/>\n<meta property=\"og:title\" content=\"Mentions l\u00e9gales - Les Cl\u00e9s de Laura\" \/>\n<meta property=\"og:description\" content=\"Les Mentions Legales Conform\u00e9ment aux dispositions de la loi n\u00b0 2004-575 du 21 juin 2004 pour la confiance en l&rsquo;\u00e9conomie num\u00e9rique, il est pr\u00e9cis\u00e9 aux utilisateurs du site Les Cl\u00e9s de Laura l&rsquo;identit\u00e9 des diff\u00e9rents intervenants dans le cadre de sa r\u00e9alisation et de son suivi. Edition du site&nbsp; Le pr\u00e9sent site, accessible \u00e0 l\u2019URL [&hellip;]\" \/>\n<meta property=\"og:url\" content=\"https:\/\/www.lesclesdelauraconciergerie.com\/index.php\/mentions-legales\/\" \/>\n<meta property=\"og:site_name\" content=\"Les Cl\u00e9s de Laura\" \/>\n<meta property=\"article:modified_time\" content=\"2026-03-09T18:20:34+00:00\" \/>\n<meta name=\"twitter:card\" content=\"summary_large_image\" \/>\n<meta name=\"twitter:label1\" content=\"Dur\u00e9e de lecture estim\u00e9e\" \/>\n\t<meta name=\"twitter:data1\" content=\"1 minute\" \/>\n<script type=\"application\/ld+json\" class=\"yoast-schema-graph\">{\"@context\":\"https:\/\/schema.org\",\"@graph\":[{\"@type\":\"WebPage\",\"@id\":\"https:\/\/www.lesclesdelauraconciergerie.com\/index.php\/mentions-legales\/\",\"url\":\"https:\/\/www.lesclesdelauraconciergerie.com\/index.php\/mentions-legales\/\",\"name\":\"Mentions l\u00e9gales - Les Cl\u00e9s de Laura\",\"isPartOf\":{\"@id\":\"https:\/\/www.lesclesdelauraconciergerie.com\/#website\"},\"datePublished\":\"2026-02-13T14:38:03+00:00\",\"dateModified\":\"2026-03-09T18:20:34+00:00\",\"breadcrumb\":{\"@id\":\"https:\/\/www.lesclesdelauraconciergerie.com\/index.php\/mentions-legales\/#breadcrumb\"},\"inLanguage\":\"fr-FR\",\"potentialAction\":[{\"@type\":\"ReadAction\",\"target\":[\"https:\/\/www.lesclesdelauraconciergerie.com\/index.php\/mentions-legales\/\"]}]},{\"@type\":\"BreadcrumbList\",\"@id\":\"https:\/\/www.lesclesdelauraconciergerie.com\/index.php\/mentions-legales\/#breadcrumb\",\"itemListElement\":[{\"@type\":\"ListItem\",\"position\":1,\"name\":\"Accueil\",\"item\":\"https:\/\/www.lesclesdelauraconciergerie.com\/\"},{\"@type\":\"ListItem\",\"position\":2,\"name\":\"Mentions l\u00e9gales\"}]},{\"@type\":\"WebSite\",\"@id\":\"https:\/\/www.lesclesdelauraconciergerie.com\/#website\",\"url\":\"https:\/\/www.lesclesdelauraconciergerie.com\/\",\"name\":\"Les Cl\u00e9s de Laura\",\"description\":\"L\u2019excellence au service de votre temps\",\"publisher\":{\"@id\":\"https:\/\/www.lesclesdelauraconciergerie.com\/#organization\"},\"potentialAction\":[{\"@type\":\"SearchAction\",\"target\":{\"@type\":\"EntryPoint\",\"urlTemplate\":\"https:\/\/www.lesclesdelauraconciergerie.com\/?s={search_term_string}\"},\"query-input\":{\"@type\":\"PropertyValueSpecification\",\"valueRequired\":true,\"valueName\":\"search_term_string\"}}],\"inLanguage\":\"fr-FR\"},{\"@type\":\"Organization\",\"@id\":\"https:\/\/www.lesclesdelauraconciergerie.com\/#organization\",\"name\":\"Les Cl\u00e9s de Laura\",\"url\":\"https:\/\/www.lesclesdelauraconciergerie.com\/\",\"logo\":{\"@type\":\"ImageObject\",\"inLanguage\":\"fr-FR\",\"@id\":\"https:\/\/www.lesclesdelauraconciergerie.com\/#\/schema\/logo\/image\/\",\"url\":\"https:\/\/www.lesclesdelauraconciergerie.com\/wp-content\/uploads\/2026\/01\/cropped-Logo-NOIR-sans-fond.png\",\"contentUrl\":\"https:\/\/www.lesclesdelauraconciergerie.com\/wp-content\/uploads\/2026\/01\/cropped-Logo-NOIR-sans-fond.png\",\"width\":1278,\"height\":623,\"caption\":\"Les Cl\u00e9s de Laura\"},\"image\":{\"@id\":\"https:\/\/www.lesclesdelauraconciergerie.com\/#\/schema\/logo\/image\/\"}}]}<\/script>\n<!-- \/ Yoast SEO plugin. -->","yoast_head_json":{"title":"Mentions l\u00e9gales - Les Cl\u00e9s de Laura","robots":{"index":"index","follow":"follow","max-snippet":"max-snippet:-1","max-image-preview":"max-image-preview:large","max-video-preview":"max-video-preview:-1"},"canonical":"https:\/\/www.lesclesdelauraconciergerie.com\/index.php\/mentions-legales\/","og_locale":"fr_FR","og_type":"article","og_title":"Mentions l\u00e9gales - Les Cl\u00e9s de Laura","og_description":"Les Mentions Legales Conform\u00e9ment aux dispositions de la loi n\u00b0 2004-575 du 21 juin 2004 pour la confiance en l&rsquo;\u00e9conomie num\u00e9rique, il est pr\u00e9cis\u00e9 aux utilisateurs du site Les Cl\u00e9s de Laura l&rsquo;identit\u00e9 des diff\u00e9rents intervenants dans le cadre de sa r\u00e9alisation et de son suivi. Edition du site&nbsp; Le pr\u00e9sent site, accessible \u00e0 l\u2019URL [&hellip;]","og_url":"https:\/\/www.lesclesdelauraconciergerie.com\/index.php\/mentions-legales\/","og_site_name":"Les Cl\u00e9s de Laura","article_modified_time":"2026-03-09T18:20:34+00:00","twitter_card":"summary_large_image","twitter_misc":{"Dur\u00e9e de lecture estim\u00e9e":"1 minute"},"schema":{"@context":"https:\/\/schema.org","@graph":[{"@type":"WebPage","@id":"https:\/\/www.lesclesdelauraconciergerie.com\/index.php\/mentions-legales\/","url":"https:\/\/www.lesclesdelauraconciergerie.com\/index.php\/mentions-legales\/","name":"Mentions l\u00e9gales - Les Cl\u00e9s de Laura","isPartOf":{"@id":"https:\/\/www.lesclesdelauraconciergerie.com\/#website"},"datePublished":"2026-02-13T14:38:03+00:00","dateModified":"2026-03-09T18:20:34+00:00","breadcrumb":{"@id":"https:\/\/www.lesclesdelauraconciergerie.com\/index.php\/mentions-legales\/#breadcrumb"},"inLanguage":"fr-FR","potentialAction":[{"@type":"ReadAction","target":["https:\/\/www.lesclesdelauraconciergerie.com\/index.php\/mentions-legales\/"]}]},{"@type":"BreadcrumbList","@id":"https:\/\/www.lesclesdelauraconciergerie.com\/index.php\/mentions-legales\/#breadcrumb","itemListElement":[{"@type":"ListItem","position":1,"name":"Accueil","item":"https:\/\/www.lesclesdelauraconciergerie.com\/"},{"@type":"ListItem","position":2,"name":"Mentions l\u00e9gales"}]},{"@type":"WebSite","@id":"https:\/\/www.lesclesdelauraconciergerie.com\/#website","url":"https:\/\/www.lesclesdelauraconciergerie.com\/","name":"Les Cl\u00e9s de Laura","description":"L\u2019excellence au service de votre temps","publisher":{"@id":"https:\/\/www.lesclesdelauraconciergerie.com\/#organization"},"potentialAction":[{"@type":"SearchAction","target":{"@type":"EntryPoint","urlTemplate":"https:\/\/www.lesclesdelauraconciergerie.com\/?s={search_term_string}"},"query-input":{"@type":"PropertyValueSpecification","valueRequired":true,"valueName":"search_term_string"}}],"inLanguage":"fr-FR"},{"@type":"Organization","@id":"https:\/\/www.lesclesdelauraconciergerie.com\/#organization","name":"Les Cl\u00e9s de Laura","url":"https:\/\/www.lesclesdelauraconciergerie.com\/","logo":{"@type":"ImageObject","inLanguage":"fr-FR","@id":"https:\/\/www.lesclesdelauraconciergerie.com\/#\/schema\/logo\/image\/","url":"https:\/\/www.lesclesdelauraconciergerie.com\/wp-content\/uploads\/2026\/01\/cropped-Logo-NOIR-sans-fond.png","contentUrl":"https:\/\/www.lesclesdelauraconciergerie.com\/wp-content\/uploads\/2026\/01\/cropped-Logo-NOIR-sans-fond.png","width":1278,"height":623,"caption":"Les Cl\u00e9s de Laura"},"image":{"@id":"https:\/\/www.lesclesdelauraconciergerie.com\/#\/schema\/logo\/image\/"}}]}},"_links":{"self":[{"href":"https:\/\/www.lesclesdelauraconciergerie.com\/index.php\/wp-json\/wp\/v2\/pages\/1295","targetHints":{"allow":["GET"]}}],"collection":[{"href":"https:\/\/www.lesclesdelauraconciergerie.com\/index.php\/wp-json\/wp\/v2\/pages"}],"about":[{"href":"https:\/\/www.lesclesdelauraconciergerie.com\/index.php\/wp-json\/wp\/v2\/types\/page"}],"author":[{"embeddable":true,"href":"https:\/\/www.lesclesdelauraconciergerie.com\/index.php\/wp-json\/wp\/v2\/users\/1"}],"replies":[{"embeddable":true,"href":"https:\/\/www.lesclesdelauraconciergerie.com\/index.php\/wp-json\/wp\/v2\/comments?post=1295"}],"version-history":[{"count":29,"href":"https:\/\/www.lesclesdelauraconciergerie.com\/index.php\/wp-json\/wp\/v2\/pages\/1295\/revisions"}],"predecessor-version":[{"id":4232,"href":"https:\/\/www.lesclesdelauraconciergerie.com\/index.php\/wp-json\/wp\/v2\/pages\/1295\/revisions\/4232"}],"wp:attachment":[{"href":"https:\/\/www.lesclesdelauraconciergerie.com\/index.php\/wp-json\/wp\/v2\/media?parent=1295"}],"curies":[{"name":"wp","href":"https:\/\/api.w.org\/{rel}","templated":true}]}}